{"id":426,"date":"2018-09-11T14:15:37","date_gmt":"2018-09-11T12:15:37","guid":{"rendered":"https:\/\/www.gluecksgriff-taschen.de\/?page_id=426"},"modified":"2019-05-09T15:23:25","modified_gmt":"2019-05-09T13:23:25","slug":"systemadministrator-gesucht","status":"publish","type":"page","link":"https:\/\/www.gluecksgriff-taschen.de\/?page_id=426","title":{"rendered":"Systemadministrator gesucht?"},"content":{"rendered":"\n<p class=\"wp-block-paragraph\">Ihr sucht einen Systemadministrator\/Systemarchitekt auf Senior Level? Dann bin ich vielleicht der Richtige f\u00fcr Euch! Grunds\u00e4tzlich bin ich mit meinem aktuellen Job zwar ganz zufrieden, aber neue Herausforderungen k\u00f6nnen ja auch reizvoll sein.<\/p>\n\n\n\n<p class=\"wp-block-paragraph\"><strong>Was<\/strong> <strong>ich kann<\/strong><\/p>\n\n\n\n<ul class=\"wp-block-list\"><li>Virtualisierung mit VMware im Server- und Desktop-Bereich<\/li><li>Linux-Administration (vorzugsweise Debian\/Ubuntu)<\/li><li>Windows-Administration (Server- und Desktopbetriebssysteme, AD, GPO)<\/li><li>Netzwerke und Routing rauf und runter, nat\u00fcrlich inkl. VPN, VLAN etc.<\/li><li>Mailserver (Postfix, Dovecot, MS Exchange)<\/li><li>komplexe IT-Systeme konzipieren<\/li><li>SQL-Server (Oracle, MS SQL, MySQL, MariaDB)<\/li><li>Perl, PHP, Bash, Powershell<\/li><li>Erstellung \/ Programmierung&nbsp; von MS-Access Datenbanken<\/li><li>Network Monitoring (Nagios \/ Icinga)<\/li><li>TK-Anlagen (Avaya IP-Office)<\/li><li>komplizierte Dinge einfach erkl\u00e4ren<\/li><\/ul>\n\n\n\n<p class=\"wp-block-paragraph\"><strong>Was ich nicht kann<\/strong><\/p>\n\n\n\n<ul class=\"wp-block-list\"><li>kann ich lernen<\/li><\/ul>\n\n\n\n<p class=\"wp-block-paragraph\"><strong>Was ich erwarte (die Reihenfolge ist als Liste mit absteigender Pr\u00e4ferenz zu verstehen)<\/strong><\/p>\n\n\n\n<ul class=\"wp-block-list\"><li>nettes Betriebsklima, wo man sich gegenseitig hilft<\/li><li>offene Unternehmenskultur ohne &#8222;Das haben wir schon immer so gemacht!&#8220;<\/li><li>interessantes Aufgabenfeld<\/li><li>vern\u00fcnftiges Gehalt<\/li><\/ul>\n\n\n\n<p class=\"wp-block-paragraph\">Falls ihr Interesse habt und im Dreieck Aachen \/ M\u00f6nchengladbach \/ Frechen sitzt, schickt mir eine Mail an <a href=\"mailto:sysadmin@gluecksgriff-taschen.de\">sysadmin@gluecksgriff-taschen.de<\/a> und wir schauen einfach mal ob es passt.<\/p>\n\n\n\n<p class=\"wp-block-paragraph\">&nbsp;<\/p>\n\n\n\n<p class=\"wp-block-paragraph\">&nbsp;<\/p>\n","protected":false},"excerpt":{"rendered":"<p>Ihr sucht einen Systemadministrator\/Systemarchitekt auf Senior Level? Dann bin ich vielleicht der Richtige f\u00fcr Euch! Grunds\u00e4tzlich bin ich mit meinem aktuellen Job zwar ganz zufrieden, aber neue Herausforderungen k\u00f6nnen ja auch reizvoll sein. Was ich kann Virtualisierung mit VMware im Server- und Desktop-Bereich Linux-Administration (vorzugsweise Debian\/Ubuntu) Windows-Administration (Server- und Desktopbetriebssysteme, AD, GPO) Netzwerke und Routing &hellip;<\/p>\n<p class=\"read-more\"> <a class=\"\" href=\"https:\/\/www.gluecksgriff-taschen.de\/?page_id=426\"> <span class=\"screen-reader-text\">Systemadministrator gesucht?<\/span> Weiterlesen &raquo;<\/a><\/p>\n","protected":false},"author":1,"featured_media":0,"parent":0,"menu_order":0,"comment_status":"closed","ping_status":"closed","template":"","meta":{"_crdt_document":"","site-sidebar-layout":"default","site-content-layout":"default","ast-global-header-display":"","ast-main-header-display":"","ast-hfb-above-header-display":"","ast-hfb-below-header-display":"","ast-hfb-mobile-header-display":"","site-post-title":"","ast-breadcrumbs-content":"","ast-featured-img":"","footer-sml-layout":"","theme-transparent-header-meta":"","adv-header-id-meta":"","stick-header-meta":"","header-above-stick-meta":"","header-main-stick-meta":"","header-below-stick-meta":"","footnotes":""},"class_list":["post-426","page","type-page","status-publish","hentry"],"_links":{"self":[{"href":"https:\/\/www.gluecksgriff-taschen.de\/index.php?rest_route=\/wp\/v2\/pages\/426","targetHints":{"allow":["GET"]}}],"collection":[{"href":"https:\/\/www.gluecksgriff-taschen.de\/index.php?rest_route=\/wp\/v2\/pages"}],"about":[{"href":"https:\/\/www.gluecksgriff-taschen.de\/index.php?rest_route=\/wp\/v2\/types\/page"}],"author":[{"embeddable":true,"href":"https:\/\/www.gluecksgriff-taschen.de\/index.php?rest_route=\/wp\/v2\/users\/1"}],"replies":[{"embeddable":true,"href":"https:\/\/www.gluecksgriff-taschen.de\/index.php?rest_route=%2Fwp%2Fv2%2Fcomments&post=426"}],"version-history":[{"count":15,"href":"https:\/\/www.gluecksgriff-taschen.de\/index.php?rest_route=\/wp\/v2\/pages\/426\/revisions"}],"predecessor-version":[{"id":676,"href":"https:\/\/www.gluecksgriff-taschen.de\/index.php?rest_route=\/wp\/v2\/pages\/426\/revisions\/676"}],"wp:attachment":[{"href":"https:\/\/www.gluecksgriff-taschen.de\/index.php?rest_route=%2Fwp%2Fv2%2Fmedia&parent=426"}],"curies":[{"name":"wp","href":"https:\/\/api.w.org\/{rel}","templated":true}]}}